 is divided by 152.
79
What is the remainder when 366260243 is divided by 541?
538
Calculate the remainder when 13907735 is divided by 6953857.
21
What is the remainder when 2251668 is divided by 1556?
136
Calculate the remainder when 100055003 is divided by 4002200.
3
What is the remainder when 5860548 is divided by 1451?
1410
Calculate the remainder when 1818419 is divided by 454597.
31
What is the remainder when 551729 is divided by 499?
334
Calculate the remainder when 9594850 is divided by 81312.
34
What is the remainder when 30141214 is divided by 1004704?
94
What is the remainder when 33722 is divided by 33679?
43
Calculate the remainder when 10728649 is divided by 1220.
1189
What is the remainder when 56800473 is divided by 36?
33
What is the remainder when 799039 is divided by 305?
244
What is the remainder when 67405292 is divided by 1352?
1332
Calculate the remainder when 650015 is divided by 650015.
0
Calculate the remainder when 362381 is divided by 395.
166
What is the remainder when 9220835 is divided by 70388?
7
Calculate the remainder when 209411 is divided by 410.
311
Calculate the remainder when 2762786 is divided by 57.
53
Calculate the remainder when 5928814 is divided by 83503.
101
What is the remainder when 1573434 is divided by 298?
292
Calculate the remainder when 9519636 is divided by 19.
9
What is the remainder when 13892055 is divided by 5339?
5316
Calculate the remainder when 5236595 is divided by 154.
133
What is the remainder when 14283826 is divided by 496?
18
Calculate the remainder when 1556504 is divided by 19.
5
Calculate the remainder when 206701 is divided by 362.
361
What is the remainder when 41791167 is divided by 1283?
8
What is the remainder when 485493 is divided by 161586?
735
What is the remainder when 2422860 is divided by 1211420?
20
Calculate the remainder when 8275105 is divided by 591075.
55
What is the remainder when 1988479 is divided by 22856?
7
Calculate the remainder when 35307 is divided by 3589.
3006
What is the remainder when 7895254 is divided by 63162?
4
What is the remainder when 1585849 is divided by 884?
837
Calculate the remainder when 146848011 is divided by 23.
3
What is the remainder when 113192 is divided by 2358?
8
What is the remainder when 60397207 is divided by 4026480?
7
What is the remainder when 72670310 is divided by 1529?
1527
What is the remainder when 2110147 is divided by 70328?
307
Calculate the remainder when 244024 is divided by 243357.
667
What is the remainder when 7218 is divided by 1008?
162
What is the remainder when 27775490 is divided by 8112?
2
What is the remainder when 6522552 is divided by 6522552?
0
What is the remainder when 14504606 is divided by 14504605?
1
What is the remainder when 174053 is divided by 2556?
245
Calculate the remainder when 5604946 is divided by 18.
16
What is the remainder when 7471 is divided by 236?
155
Calculate the remainder when 121810 is divided by 13458.
688
Calculate the remainder when 791320 is divided by 791256.
64
What is the remainder when 12567778 is divided by 2016?
34
What is the remainder when 5024434 is divided by 2625?
184
Calculate the remainder when 1747237 is divided by 574.
555
Calculate the remainder when 423584423 is divided by 769.
767
Calculate the remainder when 2439891 is divided by 9276.
303
Calculate the remainder when 65441630 is divided by 116.
114
Calculate the remainder when 2131636 is divided by 532907.
8
What is the remainder when 563065 is divided by 137?
132
Calculate the remainder when 3349591 is divided by 242.
69
What is the remainder when 14145824 is divided by 68?
56
Calculate the remainder when 9775466 is divided by 9775456.
10
Calculate the remainder when 39441117 is divided by 5080.
5077
What is the remainder when 20498072 is divided by 2963?
38
What is the remainder when 11511384 is divided by 155?
154
Calculate the remainder when 875004 is divided by 58333.
9
Calculate the remainder when 92478 is divided by 46238.
2
What is the remainder when 182726279 is divided by 1188?
1187
Calculate the remainder when 247102 is divided by 1404.
1402
Calculate the remainder when 128851224 is divided by 3179.
3175
Calculate the remainder when 147772 is divided by 73836.
100
Calculate the remainder when 22406492 is divided by 716.
704
What is the remainder when 3022130 is divided by 57?
47
Calculate the remainder when 430232 is divided by 9771.
308
What is the remainder when 278774 is divided by 1291?
1209
What is the remainder when 14775386 is divided by 630?
626
What is the remainder when 4289247 is divided by 35?
32
What is the remainder when 30270930 is divided by 363?
360
What is the remainder when 223340 is divided by 3850?
40
What is the remainder when 11134 is divided by 7336?
3798
Calculate the remainder when 17371 is divided by 176.
123
Calculate the remainder when 4981715 is divided by 7870.
5
What is the remainder when 6287068 is divided by 15957?
10
Calculate the remainder when 37296300 is divided by 18648149.
2
Calculate the remainder when 13649351 is divided by 95450.
1
What is the remainder when 2151716 is divided by 107581?
96
Calculate the remainder when 497156 is divided by 4361.
2
What is the remainder when 14275279 is divided by 49?
11
Calculate the remainder when 531027 is divided by 17698.
87
Calculate the remainder when 13798 is divided by 577.
527
What is the remainder when 32323002 is divided by 18?
6
Calculate the remainder when 5838883 is divided by 729831.
235
Calculate the remainder when 17963186 is divided by 452.
254
What is the remainder when 5752 is divided by 1147?
17
Calculate the remainder when 18739731 is divided by 169.
166
What is the remainder when 248377 is divided by 524?
1
What is the remainder when 3771599 is divided by 525?
524
Calculate the remainder when 1182846741 is divided by 6488.
6485
Calculate the remainder when 23233053 is divided by 3592.
3589
What is the remainder when 20673792 is divided by 637?
594
What is the remainder when 7948 is divided by 1103?
227
What is the remainder when 2380688 is divided by 182?
128
Calculate the remainder when 634663 is divided by 13.
3
What is the remainder when 4590617 is divided by 1147571?
333
What is the remainder when 202171 is divided by 67386?
13
Calculate the remainder when 249271 is divided by 170.
51
Calculate the remainder when 51725527 is divided by 92367.
7
What is the remainder when 40402 is divided by 405?
307
What is the remainder when 4514466 is divided by 868?
866
What is the remainder when 557429 is divided by 557399?
30
What is the remainder when 15011 is divided by 2981?
106
Calculate the remainder when 13633 is divided by 3523.
3064
Calculate the remainder when 6599 is divided by 1866.
1001
Calculate the remainder when 43916231 is divided by 18832.
7
What is the remainder when 407541 is divided by 3639?
3612
Calculate the remainder when 123698959 is divided by 87.
10
What is the remainder when 383260 is divided by 1025?
935
What is the remainder when 218634108 is divided by 170?
168
Calculate the remainder when 864184 is divided by 294.
118
What is the remainder when 8471950 is divided by 13?
6
Calculate the remainder when 176117 is divided by 4673.
3216
What is the remainder when 39306750 is divided by 32?
30
What is the remainder when 197465 is divided by 196752?
713
What is the remainder when 171003 is divided by 767?
729
What is the remainder when 1015201 is divided by 717?
646
Calculate the remainder when 104392 is divided by 11534.
586
Calculate the remainder when 136355 is divided by 17038.
51
Calculate the remainder when 769938 is divided by 4498.
780
Calculate the remainder when 978882 is divided by 1268.
1254
What is the remainder when 11074 is divided by 288?
130
Calculate the remainder when 361775 is divided by 270.
245
What is the remainder when 15166973 is divided by 3884?
3837
What is the remainder when 5751081 is divided by 958506?
45
What is the remainder when 174876 is divided by 87389?
98
What is the remainder when 1803855 is divided by 8885?
200
Calculate the remainder when 1390939 is divided by 50.
39
What is the remainder when 8360181 is divided by 33?
27
What is the remainder when 3250803 is divided by 418?
17
What is the remainder when 1067998 is divided by 